{"id":1812,"date":"2011-06-15T16:52:16","date_gmt":"2011-06-15T16:52:16","guid":{"rendered":"https:\/\/tourisme.iledorleans.com\/?post_type=membre&#038;p=346"},"modified":"2026-01-08T18:13:53","modified_gmt":"2026-01-08T18:13:53","slug":"au-vieux-foyer-2","status":"publish","type":"membres","link":"https:\/\/tourisme.iledorleans.com\/en\/members\/au-vieux-foyer-2\/","title":{"rendered":"Au Vieux Foyer"},"content":{"rendered":"<p><span style=\"color: #000000; font-family: Arial; font-size: medium;\">Cette maison de bois des ann\u00e9es 1800, meubl\u00e9e d\u2019antiquit\u00e9s tel qu\u2019autrefois, offre aux amoureux de la vie et aux aventuriers une maison de charme et de repos. Laissez-vous s\u00e9duire par ce lieu authentique dans son magnifique environnement au paysage campagnard.<\/span><\/p>\n","protected":false},"featured_media":3097,"parent":0,"template":"","characteristics":[72,88,73,86,144],"class_list":["post-1812","membres","type-membres","status-publish","has-post-thumbnail","hentry","characteristics-gites-touristiques-en","characteristics-going-out-in-winter","characteristics-residences-de-tourisme-chalets-en","characteristics-where-to-sleep","characteristics-where-to-sleep-in-winter"],"acf":[],"yoast_head":"<!-- This site is optimized with the Yoast SEO plugin v26.3 - https:\/\/yoast.com\/wordpress\/plugins\/seo\/ -->\n<title>Au Vieux Foyer - \u00cele d&#039;Orl\u00e9ans<\/title>\n<meta name=\"robots\" content=\"index, follow, max-snippet:-1, max-image-preview:large, max-video-preview:-1\" \/>\n<link rel=\"canonical\" href=\"https:\/\/tourisme.iledorleans.com\/en\/members\/au-vieux-foyer-2\/\" \/>\n<meta property=\"og:locale\" content=\"en_US\" \/>\n<meta property=\"og:type\" content=\"article\" \/>\n<meta property=\"og:title\" content=\"Au Vieux Foyer - \u00cele d&#039;Orl\u00e9ans\" \/>\n<meta property=\"og:description\" content=\"Cette maison de bois des ann\u00e9es 1800, meubl\u00e9e d\u2019antiquit\u00e9s tel qu\u2019autrefois, offre aux amoureux de la vie et aux aventuriers une maison de charme et de repos. Laissez-vous s\u00e9duire par ce lieu authentique dans son magnifique environnement au paysage campagnard.\" \/>\n<meta property=\"og:url\" content=\"https:\/\/tourisme.iledorleans.com\/en\/members\/au-vieux-foyer-2\/\" \/>\n<meta property=\"og:site_name\" content=\"\u00cele d&#039;Orl\u00e9ans\" \/>\n<meta property=\"article:modified_time\" content=\"2026-01-08T18:13:53+00:00\" \/>\n<meta property=\"og:image\" content=\"https:\/\/tourisme.iledorleans.com\/wp-content\/uploads\/2011\/06\/auvieux-foyer-gite.jpg1_.jpg\" \/>\n\t<meta property=\"og:image:width\" content=\"1211\" \/>\n\t<meta property=\"og:image:height\" content=\"645\" \/>\n\t<meta property=\"og:image:type\" content=\"image\/jpeg\" \/>\n<meta name=\"twitter:card\" content=\"summary_large_image\" \/>\n<meta name=\"twitter:label1\" content=\"Est. reading time\" \/>\n\t<meta name=\"twitter:data1\" content=\"1 minute\" \/>\n<script type=\"application\/ld+json\" class=\"yoast-schema-graph\">{\"@context\":\"https:\/\/schema.org\",\"@graph\":[{\"@type\":\"WebPage\",\"@id\":\"https:\/\/tourisme.iledorleans.com\/en\/members\/au-vieux-foyer-2\/\",\"url\":\"https:\/\/tourisme.iledorleans.com\/en\/members\/au-vieux-foyer-2\/\",\"name\":\"Au Vieux Foyer - \u00cele d&#039;Orl\u00e9ans\",\"isPartOf\":{\"@id\":\"https:\/\/tourisme.iledorleans.com\/en\/#website\"},\"primaryImageOfPage\":{\"@id\":\"https:\/\/tourisme.iledorleans.com\/en\/members\/au-vieux-foyer-2\/#primaryimage\"},\"image\":{\"@id\":\"https:\/\/tourisme.iledorleans.com\/en\/members\/au-vieux-foyer-2\/#primaryimage\"},\"thumbnailUrl\":\"https:\/\/tourisme.iledorleans.com\/wp-content\/uploads\/2011\/06\/auvieux-foyer-gite.jpg1_.jpg\",\"datePublished\":\"2011-06-15T16:52:16+00:00\",\"dateModified\":\"2026-01-08T18:13:53+00:00\",\"breadcrumb\":{\"@id\":\"https:\/\/tourisme.iledorleans.com\/en\/members\/au-vieux-foyer-2\/#breadcrumb\"},\"inLanguage\":\"en-US\",\"potentialAction\":[{\"@type\":\"ReadAction\",\"target\":[\"https:\/\/tourisme.iledorleans.com\/en\/members\/au-vieux-foyer-2\/\"]}]},{\"@type\":\"ImageObject\",\"inLanguage\":\"en-US\",\"@id\":\"https:\/\/tourisme.iledorleans.com\/en\/members\/au-vieux-foyer-2\/#primaryimage\",\"url\":\"https:\/\/tourisme.iledorleans.com\/wp-content\/uploads\/2011\/06\/auvieux-foyer-gite.jpg1_.jpg\",\"contentUrl\":\"https:\/\/tourisme.iledorleans.com\/wp-content\/uploads\/2011\/06\/auvieux-foyer-gite.jpg1_.jpg\",\"width\":1211,\"height\":645},{\"@type\":\"BreadcrumbList\",\"@id\":\"https:\/\/tourisme.iledorleans.com\/en\/members\/au-vieux-foyer-2\/#breadcrumb\",\"itemListElement\":[{\"@type\":\"ListItem\",\"position\":1,\"name\":\"Accueil\",\"item\":\"https:\/\/tourisme.iledorleans.com\/en\/\"},{\"@type\":\"ListItem\",\"position\":2,\"name\":\"Membres\",\"item\":\"https:\/\/tourisme.iledorleans.com\/en\/members\/\"},{\"@type\":\"ListItem\",\"position\":3,\"name\":\"Au Vieux Foyer\"}]},{\"@type\":\"WebSite\",\"@id\":\"https:\/\/tourisme.iledorleans.com\/en\/#website\",\"url\":\"https:\/\/tourisme.iledorleans.com\/en\/\",\"name\":\"\u00cele d&#039;Orl\u00e9ans\",\"description\":\"\",\"potentialAction\":[{\"@type\":\"SearchAction\",\"target\":{\"@type\":\"EntryPoint\",\"urlTemplate\":\"https:\/\/tourisme.iledorleans.com\/en\/?s={search_term_string}\"},\"query-input\":{\"@type\":\"PropertyValueSpecification\",\"valueRequired\":true,\"valueName\":\"search_term_string\"}}],\"inLanguage\":\"en-US\"}]}<\/script>\n<!-- \/ Yoast SEO plugin. -->","yoast_head_json":{"title":"Au Vieux Foyer - \u00cele d&#039;Orl\u00e9ans","robots":{"index":"index","follow":"follow","max-snippet":"max-snippet:-1","max-image-preview":"max-image-preview:large","max-video-preview":"max-video-preview:-1"},"canonical":"https:\/\/tourisme.iledorleans.com\/en\/members\/au-vieux-foyer-2\/","og_locale":"en_US","og_type":"article","og_title":"Au Vieux Foyer - \u00cele d&#039;Orl\u00e9ans","og_description":"Cette maison de bois des ann\u00e9es 1800, meubl\u00e9e d\u2019antiquit\u00e9s tel qu\u2019autrefois, offre aux amoureux de la vie et aux aventuriers une maison de charme et de repos. Laissez-vous s\u00e9duire par ce lieu authentique dans son magnifique environnement au paysage campagnard.","og_url":"https:\/\/tourisme.iledorleans.com\/en\/members\/au-vieux-foyer-2\/","og_site_name":"\u00cele d&#039;Orl\u00e9ans","article_modified_time":"2026-01-08T18:13:53+00:00","og_image":[{"width":1211,"height":645,"url":"https:\/\/tourisme.iledorleans.com\/wp-content\/uploads\/2011\/06\/auvieux-foyer-gite.jpg1_.jpg","type":"image\/jpeg"}],"twitter_card":"summary_large_image","twitter_misc":{"Est. reading time":"1 minute"},"schema":{"@context":"https:\/\/schema.org","@graph":[{"@type":"WebPage","@id":"https:\/\/tourisme.iledorleans.com\/en\/members\/au-vieux-foyer-2\/","url":"https:\/\/tourisme.iledorleans.com\/en\/members\/au-vieux-foyer-2\/","name":"Au Vieux Foyer - \u00cele d&#039;Orl\u00e9ans","isPartOf":{"@id":"https:\/\/tourisme.iledorleans.com\/en\/#website"},"primaryImageOfPage":{"@id":"https:\/\/tourisme.iledorleans.com\/en\/members\/au-vieux-foyer-2\/#primaryimage"},"image":{"@id":"https:\/\/tourisme.iledorleans.com\/en\/members\/au-vieux-foyer-2\/#primaryimage"},"thumbnailUrl":"https:\/\/tourisme.iledorleans.com\/wp-content\/uploads\/2011\/06\/auvieux-foyer-gite.jpg1_.jpg","datePublished":"2011-06-15T16:52:16+00:00","dateModified":"2026-01-08T18:13:53+00:00","breadcrumb":{"@id":"https:\/\/tourisme.iledorleans.com\/en\/members\/au-vieux-foyer-2\/#breadcrumb"},"inLanguage":"en-US","potentialAction":[{"@type":"ReadAction","target":["https:\/\/tourisme.iledorleans.com\/en\/members\/au-vieux-foyer-2\/"]}]},{"@type":"ImageObject","inLanguage":"en-US","@id":"https:\/\/tourisme.iledorleans.com\/en\/members\/au-vieux-foyer-2\/#primaryimage","url":"https:\/\/tourisme.iledorleans.com\/wp-content\/uploads\/2011\/06\/auvieux-foyer-gite.jpg1_.jpg","contentUrl":"https:\/\/tourisme.iledorleans.com\/wp-content\/uploads\/2011\/06\/auvieux-foyer-gite.jpg1_.jpg","width":1211,"height":645},{"@type":"BreadcrumbList","@id":"https:\/\/tourisme.iledorleans.com\/en\/members\/au-vieux-foyer-2\/#breadcrumb","itemListElement":[{"@type":"ListItem","position":1,"name":"Accueil","item":"https:\/\/tourisme.iledorleans.com\/en\/"},{"@type":"ListItem","position":2,"name":"Membres","item":"https:\/\/tourisme.iledorleans.com\/en\/members\/"},{"@type":"ListItem","position":3,"name":"Au Vieux Foyer"}]},{"@type":"WebSite","@id":"https:\/\/tourisme.iledorleans.com\/en\/#website","url":"https:\/\/tourisme.iledorleans.com\/en\/","name":"\u00cele d&#039;Orl\u00e9ans","description":"","potentialAction":[{"@type":"SearchAction","target":{"@type":"EntryPoint","urlTemplate":"https:\/\/tourisme.iledorleans.com\/en\/?s={search_term_string}"},"query-input":{"@type":"PropertyValueSpecification","valueRequired":true,"valueName":"search_term_string"}}],"inLanguage":"en-US"}]}},"_links":{"self":[{"href":"https:\/\/tourisme.iledorleans.com\/en\/wp-json\/wp\/v2\/membres\/1812","targetHints":{"allow":["GET"]}}],"collection":[{"href":"https:\/\/tourisme.iledorleans.com\/en\/wp-json\/wp\/v2\/membres"}],"about":[{"href":"https:\/\/tourisme.iledorleans.com\/en\/wp-json\/wp\/v2\/types\/membres"}],"wp:featuredmedia":[{"embeddable":true,"href":"https:\/\/tourisme.iledorleans.com\/en\/wp-json\/wp\/v2\/media\/3097"}],"wp:attachment":[{"href":"https:\/\/tourisme.iledorleans.com\/en\/wp-json\/wp\/v2\/media?parent=1812"}],"wp:term":[{"taxonomy":"characteristics","embeddable":true,"href":"https:\/\/tourisme.iledorleans.com\/en\/wp-json\/wp\/v2\/characteristics?post=1812"}],"curies":[{"name":"wp","href":"https:\/\/api.w.org\/{rel}","templated":true}]}}

<p><span style="color: #000000; font-family: Arial; font-size: medium;">Cette maison de bois des années 1800, meublée d’antiquités tel qu’autrefois, offre aux amoureux de la vie et aux aventuriers une maison de charme et de repos. Laissez-vous séduire par ce lieu authentique dans son magnifique environnement au paysage campagnard.</span></p>

<!-- This site is optimized with the Yoast SEO plugin v26.3 - https://yoast.com/wordpress/plugins/seo/ -->
<title>Au Vieux Foyer - Île d&#039;Orléans</title>
<meta name="robots" content="index, follow, max-snippet:-1, max-image-preview:large, max-video-preview:-1" />
<link rel="canonical" href="https://tourisme.iledorleans.com/en/members/au-vieux-foyer-2/" />
<meta property="og:locale" content="en_US" />
<meta property="og:type" content="article" />
<meta property="og:title" content="Au Vieux Foyer - Île d&#039;Orléans" />
<meta property="og:description" content="Cette maison de bois des années 1800, meublée d’antiquités tel qu’autrefois, offre aux amoureux de la vie et aux aventuriers une maison de charme et de repos. Laissez-vous séduire par ce lieu authentique dans son magnifique environnement au paysage campagnard." />
<meta property="og:url" content="https://tourisme.iledorleans.com/en/members/au-vieux-foyer-2/" />
<meta property="og:site_name" content="Île d&#039;Orléans" />
<meta property="article:modified_time" content="2026-01-08T18:13:53+00:00" />
<meta property="og:image" content="https://tourisme.iledorleans.com/wp-content/uploads/2011/06/auvieux-foyer-gite.jpg1_.jpg" />
	<meta property="og:image:width" content="1211" />
	<meta property="og:image:height" content="645" />
	<meta property="og:image:type" content="image/jpeg" />
<meta name="twitter:card" content="summary_large_image" />
<meta name="twitter:label1" content="Est. reading time" />
	<meta name="twitter:data1" content="1 minute" />
<script type="application/ld+json" class="yoast-schema-graph">{"@context":"https://schema.org","@graph":[{"@type":"WebPage","@id":"https://tourisme.iledorleans.com/en/members/au-vieux-foyer-2/","url":"https://tourisme.iledorleans.com/en/members/au-vieux-foyer-2/","name":"Au Vieux Foyer - Île d&#039;Orléans","isPartOf":{"@id":"https://tourisme.iledorleans.com/en/#website"},"primaryImageOfPage":{"@id":"https://tourisme.iledorleans.com/en/members/au-vieux-foyer-2/#primaryimage"},"image":{"@id":"https://tourisme.iledorleans.com/en/members/au-vieux-foyer-2/#primaryimage"},"thumbnailUrl":"https://tourisme.iledorleans.com/wp-content/uploads/2011/06/auvieux-foyer-gite.jpg1_.jpg","datePublished":"2011-06-15T16:52:16+00:00","dateModified":"2026-01-08T18:13:53+00:00","breadcrumb":{"@id":"https://tourisme.iledorleans.com/en/members/au-vieux-foyer-2/#breadcrumb"},"inLanguage":"en-US","potentialAction":[{"@type":"ReadAction","target":["https://tourisme.iledorleans.com/en/members/au-vieux-foyer-2/"]}]},{"@type":"ImageObject","inLanguage":"en-US","@id":"https://tourisme.iledorleans.com/en/members/au-vieux-foyer-2/#primaryimage","url":"https://tourisme.iledorleans.com/wp-content/uploads/2011/06/auvieux-foyer-gite.jpg1_.jpg","contentUrl":"https://tourisme.iledorleans.com/wp-content/uploads/2011/06/auvieux-foyer-gite.jpg1_.jpg","width":1211,"height":645},{"@type":"BreadcrumbList","@id":"https://tourisme.iledorleans.com/en/members/au-vieux-foyer-2/#breadcrumb","itemListElement":[{"@type":"ListItem","position":1,"name":"Accueil","item":"https://tourisme.iledorleans.com/en/"},{"@type":"ListItem","position":2,"name":"Membres","item":"https://tourisme.iledorleans.com/en/members/"},{"@type":"ListItem","position":3,"name":"Au Vieux Foyer"}]},{"@type":"WebSite","@id":"https://tourisme.iledorleans.com/en/#website","url":"https://tourisme.iledorleans.com/en/","name":"Île d&#039;Orléans","description":"","potentialAction":[{"@type":"SearchAction","target":{"@type":"EntryPoint","urlTemplate":"https://tourisme.iledorleans.com/en/?s={search_term_string}"},"query-input":{"@type":"PropertyValueSpecification","valueRequired":true,"valueName":"search_term_string"}}],"inLanguage":"en-US"}]}</script>
<!-- / Yoast SEO plugin. -->

Au Vieux Foyer - Île d&#039;Orléans

Cette maison de bois des années 1800, meublée d’antiquités tel qu’autrefois, offre aux amoureux de la vie et aux aventuriers une maison de charme et de repos. Laissez-vous séduire par ce lieu authentique dans son magnifique environnement au paysage campagnard.

Île d&#039;Orléans
