{"id":1788,"date":"2011-06-15T16:43:56","date_gmt":"2011-06-15T16:43:56","guid":{"rendered":"https:\/\/tourisme.iledorleans.com\/?post_type=membre&#038;p=344"},"modified":"2026-04-14T17:37:00","modified_gmt":"2026-04-14T17:37:00","slug":"auberge-au-poste-de-traite","status":"publish","type":"membres","link":"https:\/\/tourisme.iledorleans.com\/en\/members\/auberge-au-poste-de-traite\/","title":{"rendered":"Au Poste de Traite, h\u00e9bergement"},"content":{"rendered":"<p>Pour vous d\u00e9payser du quotidien, d\u00e9couvrez cette magnifique auberge au charme ancestral. Vous serez s\u00e9duit par de jolies chambres au cachet unique, toutes \u00e9quip\u00e9es de salles de bain priv\u00e9es. Une restauration authentique, une belle terrasse et une grande salle de r\u00e9ception vous y attendent!<\/p>\n","protected":false},"featured_media":10805,"parent":0,"template":"","characteristics":[98,86],"class_list":["post-1788","membres","type-membres","status-publish","has-post-thumbnail","hentry","characteristics-etablissements-hotelliers","characteristics-where-to-sleep"],"acf":[],"yoast_head":"<!-- This site is optimized with the Yoast SEO plugin v26.3 - https:\/\/yoast.com\/wordpress\/plugins\/seo\/ -->\n<title>Au Poste de Traite, h\u00e9bergement - \u00cele d&#039;Orl\u00e9ans<\/title>\n<meta name=\"robots\" content=\"index, follow, max-snippet:-1, max-image-preview:large, max-video-preview:-1\" \/>\n<link rel=\"canonical\" href=\"https:\/\/tourisme.iledorleans.com\/en\/members\/auberge-au-poste-de-traite\/\" \/>\n<meta property=\"og:locale\" content=\"en_US\" \/>\n<meta property=\"og:type\" content=\"article\" \/>\n<meta property=\"og:title\" content=\"Au Poste de Traite, h\u00e9bergement - \u00cele d&#039;Orl\u00e9ans\" \/>\n<meta property=\"og:description\" content=\"Pour vous d\u00e9payser du quotidien, d\u00e9couvrez cette magnifique auberge au charme ancestral. Vous serez s\u00e9duit par de jolies chambres au cachet unique, toutes \u00e9quip\u00e9es de salles de bain priv\u00e9es. Une restauration authentique, une belle terrasse et une grande salle de r\u00e9ception vous y attendent!\" \/>\n<meta property=\"og:url\" content=\"https:\/\/tourisme.iledorleans.com\/en\/members\/auberge-au-poste-de-traite\/\" \/>\n<meta property=\"og:site_name\" content=\"\u00cele d&#039;Orl\u00e9ans\" \/>\n<meta property=\"article:modified_time\" content=\"2026-04-14T17:37:00+00:00\" \/>\n<meta property=\"og:image\" content=\"https:\/\/tourisme.iledorleans.com\/wp-content\/uploads\/2011\/06\/IMG_4094.jpeg\" \/>\n\t<meta property=\"og:image:width\" content=\"2500\" \/>\n\t<meta property=\"og:image:height\" content=\"1875\" \/>\n\t<meta property=\"og:image:type\" content=\"image\/jpeg\" \/>\n<meta name=\"twitter:card\" content=\"summary_large_image\" \/>\n<meta name=\"twitter:label1\" content=\"Est. reading time\" \/>\n\t<meta name=\"twitter:data1\" content=\"1 minute\" \/>\n<script type=\"application\/ld+json\" class=\"yoast-schema-graph\">{\"@context\":\"https:\/\/schema.org\",\"@graph\":[{\"@type\":\"WebPage\",\"@id\":\"https:\/\/tourisme.iledorleans.com\/en\/members\/auberge-au-poste-de-traite\/\",\"url\":\"https:\/\/tourisme.iledorleans.com\/en\/members\/auberge-au-poste-de-traite\/\",\"name\":\"Au Poste de Traite, h\u00e9bergement - \u00cele d&#039;Orl\u00e9ans\",\"isPartOf\":{\"@id\":\"https:\/\/tourisme.iledorleans.com\/en\/#website\"},\"primaryImageOfPage\":{\"@id\":\"https:\/\/tourisme.iledorleans.com\/en\/members\/auberge-au-poste-de-traite\/#primaryimage\"},\"image\":{\"@id\":\"https:\/\/tourisme.iledorleans.com\/en\/members\/auberge-au-poste-de-traite\/#primaryimage\"},\"thumbnailUrl\":\"https:\/\/tourisme.iledorleans.com\/wp-content\/uploads\/2011\/06\/IMG_4094.jpeg\",\"datePublished\":\"2011-06-15T16:43:56+00:00\",\"dateModified\":\"2026-04-14T17:37:00+00:00\",\"breadcrumb\":{\"@id\":\"https:\/\/tourisme.iledorleans.com\/en\/members\/auberge-au-poste-de-traite\/#breadcrumb\"},\"inLanguage\":\"en-US\",\"potentialAction\":[{\"@type\":\"ReadAction\",\"target\":[\"https:\/\/tourisme.iledorleans.com\/en\/members\/auberge-au-poste-de-traite\/\"]}]},{\"@type\":\"ImageObject\",\"inLanguage\":\"en-US\",\"@id\":\"https:\/\/tourisme.iledorleans.com\/en\/members\/auberge-au-poste-de-traite\/#primaryimage\",\"url\":\"https:\/\/tourisme.iledorleans.com\/wp-content\/uploads\/2011\/06\/IMG_4094.jpeg\",\"contentUrl\":\"https:\/\/tourisme.iledorleans.com\/wp-content\/uploads\/2011\/06\/IMG_4094.jpeg\",\"width\":2500,\"height\":1875},{\"@type\":\"BreadcrumbList\",\"@id\":\"https:\/\/tourisme.iledorleans.com\/en\/members\/auberge-au-poste-de-traite\/#breadcrumb\",\"itemListElement\":[{\"@type\":\"ListItem\",\"position\":1,\"name\":\"Accueil\",\"item\":\"https:\/\/tourisme.iledorleans.com\/en\/\"},{\"@type\":\"ListItem\",\"position\":2,\"name\":\"Membres\",\"item\":\"https:\/\/tourisme.iledorleans.com\/en\/members\/\"},{\"@type\":\"ListItem\",\"position\":3,\"name\":\"Au Poste de Traite, h\u00e9bergement\"}]},{\"@type\":\"WebSite\",\"@id\":\"https:\/\/tourisme.iledorleans.com\/en\/#website\",\"url\":\"https:\/\/tourisme.iledorleans.com\/en\/\",\"name\":\"\u00cele d&#039;Orl\u00e9ans\",\"description\":\"\",\"potentialAction\":[{\"@type\":\"SearchAction\",\"target\":{\"@type\":\"EntryPoint\",\"urlTemplate\":\"https:\/\/tourisme.iledorleans.com\/en\/?s={search_term_string}\"},\"query-input\":{\"@type\":\"PropertyValueSpecification\",\"valueRequired\":true,\"valueName\":\"search_term_string\"}}],\"inLanguage\":\"en-US\"}]}<\/script>\n<!-- \/ Yoast SEO plugin. -->","yoast_head_json":{"title":"Au Poste de Traite, h\u00e9bergement - \u00cele d&#039;Orl\u00e9ans","robots":{"index":"index","follow":"follow","max-snippet":"max-snippet:-1","max-image-preview":"max-image-preview:large","max-video-preview":"max-video-preview:-1"},"canonical":"https:\/\/tourisme.iledorleans.com\/en\/members\/auberge-au-poste-de-traite\/","og_locale":"en_US","og_type":"article","og_title":"Au Poste de Traite, h\u00e9bergement - \u00cele d&#039;Orl\u00e9ans","og_description":"Pour vous d\u00e9payser du quotidien, d\u00e9couvrez cette magnifique auberge au charme ancestral. Vous serez s\u00e9duit par de jolies chambres au cachet unique, toutes \u00e9quip\u00e9es de salles de bain priv\u00e9es. Une restauration authentique, une belle terrasse et une grande salle de r\u00e9ception vous y attendent!","og_url":"https:\/\/tourisme.iledorleans.com\/en\/members\/auberge-au-poste-de-traite\/","og_site_name":"\u00cele d&#039;Orl\u00e9ans","article_modified_time":"2026-04-14T17:37:00+00:00","og_image":[{"width":2500,"height":1875,"url":"https:\/\/tourisme.iledorleans.com\/wp-content\/uploads\/2011\/06\/IMG_4094.jpeg","type":"image\/jpeg"}],"twitter_card":"summary_large_image","twitter_misc":{"Est. reading time":"1 minute"},"schema":{"@context":"https:\/\/schema.org","@graph":[{"@type":"WebPage","@id":"https:\/\/tourisme.iledorleans.com\/en\/members\/auberge-au-poste-de-traite\/","url":"https:\/\/tourisme.iledorleans.com\/en\/members\/auberge-au-poste-de-traite\/","name":"Au Poste de Traite, h\u00e9bergement - \u00cele d&#039;Orl\u00e9ans","isPartOf":{"@id":"https:\/\/tourisme.iledorleans.com\/en\/#website"},"primaryImageOfPage":{"@id":"https:\/\/tourisme.iledorleans.com\/en\/members\/auberge-au-poste-de-traite\/#primaryimage"},"image":{"@id":"https:\/\/tourisme.iledorleans.com\/en\/members\/auberge-au-poste-de-traite\/#primaryimage"},"thumbnailUrl":"https:\/\/tourisme.iledorleans.com\/wp-content\/uploads\/2011\/06\/IMG_4094.jpeg","datePublished":"2011-06-15T16:43:56+00:00","dateModified":"2026-04-14T17:37:00+00:00","breadcrumb":{"@id":"https:\/\/tourisme.iledorleans.com\/en\/members\/auberge-au-poste-de-traite\/#breadcrumb"},"inLanguage":"en-US","potentialAction":[{"@type":"ReadAction","target":["https:\/\/tourisme.iledorleans.com\/en\/members\/auberge-au-poste-de-traite\/"]}]},{"@type":"ImageObject","inLanguage":"en-US","@id":"https:\/\/tourisme.iledorleans.com\/en\/members\/auberge-au-poste-de-traite\/#primaryimage","url":"https:\/\/tourisme.iledorleans.com\/wp-content\/uploads\/2011\/06\/IMG_4094.jpeg","contentUrl":"https:\/\/tourisme.iledorleans.com\/wp-content\/uploads\/2011\/06\/IMG_4094.jpeg","width":2500,"height":1875},{"@type":"BreadcrumbList","@id":"https:\/\/tourisme.iledorleans.com\/en\/members\/auberge-au-poste-de-traite\/#breadcrumb","itemListElement":[{"@type":"ListItem","position":1,"name":"Accueil","item":"https:\/\/tourisme.iledorleans.com\/en\/"},{"@type":"ListItem","position":2,"name":"Membres","item":"https:\/\/tourisme.iledorleans.com\/en\/members\/"},{"@type":"ListItem","position":3,"name":"Au Poste de Traite, h\u00e9bergement"}]},{"@type":"WebSite","@id":"https:\/\/tourisme.iledorleans.com\/en\/#website","url":"https:\/\/tourisme.iledorleans.com\/en\/","name":"\u00cele d&#039;Orl\u00e9ans","description":"","potentialAction":[{"@type":"SearchAction","target":{"@type":"EntryPoint","urlTemplate":"https:\/\/tourisme.iledorleans.com\/en\/?s={search_term_string}"},"query-input":{"@type":"PropertyValueSpecification","valueRequired":true,"valueName":"search_term_string"}}],"inLanguage":"en-US"}]}},"_links":{"self":[{"href":"https:\/\/tourisme.iledorleans.com\/en\/wp-json\/wp\/v2\/membres\/1788","targetHints":{"allow":["GET"]}}],"collection":[{"href":"https:\/\/tourisme.iledorleans.com\/en\/wp-json\/wp\/v2\/membres"}],"about":[{"href":"https:\/\/tourisme.iledorleans.com\/en\/wp-json\/wp\/v2\/types\/membres"}],"wp:featuredmedia":[{"embeddable":true,"href":"https:\/\/tourisme.iledorleans.com\/en\/wp-json\/wp\/v2\/media\/10805"}],"wp:attachment":[{"href":"https:\/\/tourisme.iledorleans.com\/en\/wp-json\/wp\/v2\/media?parent=1788"}],"wp:term":[{"taxonomy":"characteristics","embeddable":true,"href":"https:\/\/tourisme.iledorleans.com\/en\/wp-json\/wp\/v2\/characteristics?post=1788"}],"curies":[{"name":"wp","href":"https:\/\/api.w.org\/{rel}","templated":true}]}}

Au Poste de Traite, hébergement

<p>Pour vous dépayser du quotidien, découvrez cette magnifique auberge au charme ancestral. Vous serez séduit par de jolies chambres au cachet unique, toutes équipées de salles de bain privées. Une restauration authentique, une belle terrasse et une grande salle de réception vous y attendent!</p>

<!-- This site is optimized with the Yoast SEO plugin v26.3 - https://yoast.com/wordpress/plugins/seo/ -->
<title>Au Poste de Traite, hébergement - Île d&#039;Orléans</title>
<meta name="robots" content="index, follow, max-snippet:-1, max-image-preview:large, max-video-preview:-1" />
<link rel="canonical" href="https://tourisme.iledorleans.com/en/members/auberge-au-poste-de-traite/" />
<meta property="og:locale" content="en_US" />
<meta property="og:type" content="article" />
<meta property="og:title" content="Au Poste de Traite, hébergement - Île d&#039;Orléans" />
<meta property="og:description" content="Pour vous dépayser du quotidien, découvrez cette magnifique auberge au charme ancestral. Vous serez séduit par de jolies chambres au cachet unique, toutes équipées de salles de bain privées. Une restauration authentique, une belle terrasse et une grande salle de réception vous y attendent!" />
<meta property="og:url" content="https://tourisme.iledorleans.com/en/members/auberge-au-poste-de-traite/" />
<meta property="og:site_name" content="Île d&#039;Orléans" />
<meta property="article:modified_time" content="2026-04-14T17:37:00+00:00" />
<meta property="og:image" content="https://tourisme.iledorleans.com/wp-content/uploads/2011/06/IMG_4094.jpeg" />
	<meta property="og:image:width" content="2500" />
	<meta property="og:image:height" content="1875" />
	<meta property="og:image:type" content="image/jpeg" />
<meta name="twitter:card" content="summary_large_image" />
<meta name="twitter:label1" content="Est. reading time" />
	<meta name="twitter:data1" content="1 minute" />
<script type="application/ld+json" class="yoast-schema-graph">{"@context":"https://schema.org","@graph":[{"@type":"WebPage","@id":"https://tourisme.iledorleans.com/en/members/auberge-au-poste-de-traite/","url":"https://tourisme.iledorleans.com/en/members/auberge-au-poste-de-traite/","name":"Au Poste de Traite, hébergement - Île d&#039;Orléans","isPartOf":{"@id":"https://tourisme.iledorleans.com/en/#website"},"primaryImageOfPage":{"@id":"https://tourisme.iledorleans.com/en/members/auberge-au-poste-de-traite/#primaryimage"},"image":{"@id":"https://tourisme.iledorleans.com/en/members/auberge-au-poste-de-traite/#primaryimage"},"thumbnailUrl":"https://tourisme.iledorleans.com/wp-content/uploads/2011/06/IMG_4094.jpeg","datePublished":"2011-06-15T16:43:56+00:00","dateModified":"2026-04-14T17:37:00+00:00","breadcrumb":{"@id":"https://tourisme.iledorleans.com/en/members/auberge-au-poste-de-traite/#breadcrumb"},"inLanguage":"en-US","potentialAction":[{"@type":"ReadAction","target":["https://tourisme.iledorleans.com/en/members/auberge-au-poste-de-traite/"]}]},{"@type":"ImageObject","inLanguage":"en-US","@id":"https://tourisme.iledorleans.com/en/members/auberge-au-poste-de-traite/#primaryimage","url":"https://tourisme.iledorleans.com/wp-content/uploads/2011/06/IMG_4094.jpeg","contentUrl":"https://tourisme.iledorleans.com/wp-content/uploads/2011/06/IMG_4094.jpeg","width":2500,"height":1875},{"@type":"BreadcrumbList","@id":"https://tourisme.iledorleans.com/en/members/auberge-au-poste-de-traite/#breadcrumb","itemListElement":[{"@type":"ListItem","position":1,"name":"Accueil","item":"https://tourisme.iledorleans.com/en/"},{"@type":"ListItem","position":2,"name":"Membres","item":"https://tourisme.iledorleans.com/en/members/"},{"@type":"ListItem","position":3,"name":"Au Poste de Traite, hébergement"}]},{"@type":"WebSite","@id":"https://tourisme.iledorleans.com/en/#website","url":"https://tourisme.iledorleans.com/en/","name":"Île d&#039;Orléans","description":"","potentialAction":[{"@type":"SearchAction","target":{"@type":"EntryPoint","urlTemplate":"https://tourisme.iledorleans.com/en/?s={search_term_string}"},"query-input":{"@type":"PropertyValueSpecification","valueRequired":true,"valueName":"search_term_string"}}],"inLanguage":"en-US"}]}</script>
<!-- / Yoast SEO plugin. -->

Au Poste de Traite, hébergement - Île d&#039;Orléans

Pour vous dépayser du quotidien, découvrez cette magnifique auberge au charme ancestral. Vous serez séduit par de jolies chambres au cachet unique, toutes équipées de salles de bain privées. Une restauration authentique, une belle terrasse et une grande salle de réception vous y attendent!

Île d&#039;Orléans
